{"id":246,"date":"2014-10-22T05:28:44","date_gmt":"2014-10-22T05:28:44","guid":{"rendered":"http:\/\/www.coachuaycopungo.fin.ec\/?page_id=246"},"modified":"2023-07-06T15:37:51","modified_gmt":"2023-07-06T15:37:51","slug":"agencias","status":"publish","type":"page","link":"https:\/\/www.seguracoop.com.ec\/?page_id=246","title":{"rendered":"Agencias"},"content":{"rendered":"<div data-colibri-id=\"246-c1\" class=\"style-570 style-local-246-c1 position-relative\">\n  <!---->\n  <div data-colibri-component=\"section\" data-colibri-id=\"246-c2\" id=\"custom\" class=\"h-section h-section-global-spacing d-flex align-items-lg-center align-items-md-center align-items-center style-575 style-local-246-c2 position-relative\">\n    <!---->\n    <!---->\n    <div class=\"h-section-grid-container h-section-boxed-container\">\n      <!---->\n      <div data-colibri-id=\"246-c3\" class=\"h-row-container gutters-row-lg-2 gutters-row-md-2 gutters-row-0 gutters-row-v-lg-2 gutters-row-v-md-2 gutters-row-v-2 style-576 style-local-246-c3 position-relative\">\n        <!---->\n        <div class=\"h-row justify-content-lg-center justify-content-md-center justify-content-center align-items-lg-stretch align-items-md-stretch align-items-stretch gutters-col-lg-2 gutters-col-md-2 gutters-col-0 gutters-col-v-lg-2 gutters-col-v-md-2 gutters-col-v-2\">\n          <!---->\n          <div class=\"h-column h-column-container d-flex h-col-lg-auto h-col-md-auto h-col-auto style-577-outer style-local-246-c4-outer\">\n            <div data-colibri-id=\"246-c4\" class=\"d-flex h-flex-basis h-column__inner h-px-lg-2 h-px-md-2 h-px-2 v-inner-lg-2 v-inner-md-2 v-inner-2 style-577 style-local-246-c4 position-relative\">\n              <!---->\n              <!---->\n              <div class=\"w-100 h-y-container h-column__content h-column__v-align flex-basis-100 align-self-lg-start align-self-md-start align-self-start\">\n                <!---->\n                <div data-colibri-id=\"246-c5\" class=\"d-block style-578 style-local-246-c5 position-relative h-element\">\n                  <!---->\n                  <div class=\"h-image__frame-container-outer\">\n                    <div class=\"h-image__frame-container\">\n                      <!---->\n                      <!---->\n                      <img decoding=\"async\" loading=\"lazy\" width=\"2658\" height=\"1212\" src=\"https:\/\/www.seguracoop.com.ec\/wp-content\/uploads\/2023\/07\/5315454.png\" class=\"wp-image-1077 style-578-image style-local-246-c5-image\" srcset=\"https:\/\/www.seguracoop.com.ec\/wp-content\/uploads\/2023\/07\/5315454.png 2658w, https:\/\/www.seguracoop.com.ec\/wp-content\/uploads\/2023\/07\/5315454-300x137.png 300w, https:\/\/www.seguracoop.com.ec\/wp-content\/uploads\/2023\/07\/5315454-1024x467.png 1024w, https:\/\/www.seguracoop.com.ec\/wp-content\/uploads\/2023\/07\/5315454-768x350.png 768w, https:\/\/www.seguracoop.com.ec\/wp-content\/uploads\/2023\/07\/5315454-1536x700.png 1536w, https:\/\/www.seguracoop.com.ec\/wp-content\/uploads\/2023\/07\/5315454-2048x934.png 2048w\" sizes=\"(max-width: 2658px) 100vw, 2658px\" alt=\"\" \/>\n                      <div class=\"h-image__frame h-hide-lg h-hide-md h-hide-sm style-578-frameImage style-local-246-c5-frameImage\"><\/div>\n                    <\/div>\n                  <\/div>\n                <\/div>\n              <\/div>\n            <\/div>\n          <\/div>\n        <\/div>\n      <\/div>\n    <\/div>\n  <\/div>\n  <div data-colibri-component=\"section\" data-colibri-id=\"246-c6\" id=\"about\" class=\"h-section h-section-global-spacing d-flex align-items-lg-center align-items-md-center align-items-center style-579 style-local-246-c6 position-relative\">\n    <!---->\n    <!---->\n    <div class=\"h-section-grid-container h-section-boxed-container\">\n      <!---->\n      <div data-colibri-id=\"246-c7\" class=\"h-row-container gutters-row-lg-0 gutters-row-md-0 gutters-row-0 gutters-row-v-lg-0 gutters-row-v-md-0 gutters-row-v-0 style-580 style-local-246-c7 position-relative\">\n        <!---->\n        <div class=\"h-row justify-content-lg-center justify-content-md-center justify-content-center align-items-lg-stretch align-items-md-stretch align-items-stretch gutters-col-lg-0 gutters-col-md-0 gutters-col-0 gutters-col-v-lg-0 gutters-col-v-md-0 gutters-col-v-0\">\n          <!---->\n          <div class=\"h-column h-column-container d-flex h-col-lg-auto h-col-md-auto h-col-auto style-613-outer style-local-246-c8-outer\">\n            <div data-colibri-id=\"246-c8\" class=\"d-flex h-flex-basis h-column__inner h-px-lg-2 h-px-md-2 h-px-2 v-inner-lg-2 v-inner-md-2 v-inner-2 style-613 style-local-246-c8 position-relative\">\n              <!---->\n              <!---->\n              <div class=\"w-100 h-y-container h-column__content h-column__v-align flex-basis-100 align-self-lg-start align-self-md-start align-self-start\">\n                <!---->\n                <div data-colibri-id=\"246-c9\" class=\"h-text h-text-component style-614 style-local-246-c9 position-relative h-element\">\n                  <!---->\n                  <!---->\n                  <div class=\"\">\n                    <h5>Encu\u00e9ntranos en:<\/h5>\n                    <h2>Matriz<em style=\"font-family: &quot;Playfair Display&quot;;\"><br>Otavalo<\/em><\/h2>\n                    <p>Morales 2-04 y Vicente Ram\u00f3n Roca.<\/p>\n                    <p>Telf: 062923023<\/p>\n                  <\/div>\n                <\/div>\n              <\/div>\n            <\/div>\n          <\/div>\n          <div class=\"h-column h-column-container d-flex h-col-lg-auto h-col-md-auto h-col-auto style-615-outer style-local-246-c10-outer\">\n            <div data-colibri-id=\"246-c10\" class=\"d-flex h-flex-basis h-column__inner h-px-lg-2 h-px-md-2 h-px-2 v-inner-lg-2 v-inner-md-2 v-inner-2 style-615 style-local-246-c10 position-relative\">\n              <!---->\n              <!---->\n              <div class=\"w-100 h-y-container h-column__content h-column__v-align flex-basis-100 align-self-lg-start align-self-md-start align-self-start\">\n                <!---->\n                <div data-colibri-id=\"246-c11\" class=\"h-text h-text-component style-616 style-local-246-c11 position-relative h-element\">\n                  <!---->\n                  <!---->\n                  <div class=\"\">\n                    <h5>Encu\u00e9ntranos en:<\/h5>\n                    <h2>Oficina<em style=\"font-family: &quot;Playfair Display&quot;;\"><br>Urcuqu\u00ed<\/em><\/h2>\n                    <p>Guzm\u00e1n NS10-08 y Gonz\u00e1les Su\u00e1rez<\/p>\n                    <p>Telf: 062639703<\/p>\n                    <p>\n                      <br>\n                    <\/p>\n                  <\/div>\n                <\/div>\n              <\/div>\n            <\/div>\n          <\/div>\n          <div class=\"h-column h-column-container d-flex h-col-lg-auto h-col-md-auto h-col-auto style-617-outer style-local-246-c12-outer\">\n            <div data-colibri-id=\"246-c12\" class=\"d-flex h-flex-basis h-column__inner h-ui-empty-state-container h-px-lg-2 h-px-md-2 h-px-2 v-inner-lg-2 v-inner-md-2 v-inner-2 style-617 style-local-246-c12 position-relative\">\n              <!---->\n              <!---->\n              <div class=\"w-100 h-y-container h-column__content h-column__v-align flex-basis-100\">\n                <!---->\n              <\/div>\n            <\/div>\n          <\/div>\n          <div class=\"h-column h-column-container d-flex h-col-lg-auto h-col-md-auto h-col-auto style-619-outer style-local-246-c14-outer\">\n            <div data-colibri-id=\"246-c14\" class=\"d-flex h-flex-basis h-column__inner h-px-lg-2 h-px-md-2 h-px-2 v-inner-lg-2 v-inner-md-2 v-inner-2 style-619 style-local-246-c14 position-relative\">\n              <!---->\n              <!---->\n              <div class=\"w-100 h-y-container h-column__content h-column__v-align flex-basis-100 align-self-lg-start align-self-md-start align-self-start\">\n                <!---->\n                <div data-colibri-id=\"246-c15\" class=\"h-text h-text-component style-620 style-local-246-c15 position-relative h-element\">\n                  <!---->\n                  <!---->\n                  <div class=\"\">\n                    <h5>Encu\u00e9ntranos en:<\/h5>\n                    <h2>Oficina<em style=\"font-family: &quot;Playfair Display&quot;;\"><br>Julio Andrade<\/em><\/h2>\n                    <p>13 de Abril entre Abd\u00f3n Calder\u00f3n y Mar\u00eda Borja<\/p>\n                    <p>Telf: 062205349<\/p>\n                  <\/div>\n                <\/div>\n              <\/div>\n            <\/div>\n          <\/div>\n        <\/div>\n      <\/div>\n    <\/div>\n  <\/div>\n<\/div>","protected":false},"excerpt":{"rendered":"<p>Encu\u00e9ntranos en: MatrizOtavalo Morales 2-04 y Vicente Ram\u00f3n Roca. Telf: 062923023 Encu\u00e9ntranos en: OficinaUrcuqu\u00ed Guzm\u00e1n NS10-08 y Gonz\u00e1les Su\u00e1rez Telf: 062639703 Encu\u00e9ntranos en: OficinaJulio Andrade 13 de Abril entre Abd\u00f3n Calder\u00f3n y Mar\u00eda Borja Telf: 062205349<\/p>\n","protected":false},"author":1,"featured_media":0,"parent":0,"menu_order":2,"comment_status":"closed","ping_status":"closed","template":"page-templates\/full-width-page.php","meta":[],"_links":{"self":[{"href":"https:\/\/www.seguracoop.com.ec\/index.php?rest_route=\/wp\/v2\/pages\/246"}],"collection":[{"href":"https:\/\/www.seguracoop.com.ec\/index.php?rest_route=\/wp\/v2\/pages"}],"about":[{"href":"https:\/\/www.seguracoop.com.ec\/index.php?rest_route=\/wp\/v2\/types\/page"}],"author":[{"embeddable":true,"href":"https:\/\/www.seguracoop.com.ec\/index.php?rest_route=\/wp\/v2\/users\/1"}],"replies":[{"embeddable":true,"href":"https:\/\/www.seguracoop.com.ec\/index.php?rest_route=%2Fwp%2Fv2%2Fcomments&post=246"}],"version-history":[{"count":11,"href":"https:\/\/www.seguracoop.com.ec\/index.php?rest_route=\/wp\/v2\/pages\/246\/revisions"}],"predecessor-version":[{"id":1094,"href":"https:\/\/www.seguracoop.com.ec\/index.php?rest_route=\/wp\/v2\/pages\/246\/revisions\/1094"}],"wp:attachment":[{"href":"https:\/\/www.seguracoop.com.ec\/index.php?rest_route=%2Fwp%2Fv2%2Fmedia&parent=246"}],"curies":[{"name":"wp","href":"https:\/\/api.w.org\/{rel}","templated":true}]}}